{"id":9865,"date":"2024-10-11T18:27:42","date_gmt":"2024-10-11T16:27:42","guid":{"rendered":"http:\/\/www.kreisfeuerwehrverband-vechta.de\/?page_id=9865"},"modified":"2025-02-24T20:30:49","modified_gmt":"2025-02-24T19:30:49","slug":"einsatztaktik-im-atemschutzeinsatz","status":"publish","type":"page","link":"https:\/\/www.kreisfeuerwehrverband-vechta.de\/?page_id=9865","title":{"rendered":"Einsatztaktik im Atemschutzeinsatz"},"content":{"rendered":"<p><a href=\"http:\/\/www.kreisfeuerwehrverband-vechta.de\/?page_id=300\"><img decoding=\"async\" class=\"alignleft size-full wp-image-9851\" src=\"http:\/\/www.kreisfeuerwehrverband-vechta.de\/wp_KFV_2016\/wp-content\/uploads\/Zurueck_75px.png\" alt=\"\" width=\"75\" height=\"26\"><\/a><\/p>\n<p>&nbsp;<\/p>\n<p>&nbsp;<\/p>\n<p><span style=\"text-decoration: underline;\"><strong>Lehrgang &#8222;Einsatztaktik im Atemschutzeinsatz&#8220; (Dauer 1 Tag)<\/strong><\/span><\/p>\n<p>In dem Lehrgang &#8222;Einsatztaktik im Atemschutzeinsatz&#8220; werden folgende Inhalte an die Teilnehmer\/innen vermittelt:<\/p>\n<ul>\n<li>Die Einsatzbereitschaft des Trupps feststellen und \u00fcberpr\u00fcfen k\u00f6nnen<\/li>\n<li>M\u00f6gliche Gefahren an der Einsatzstelle erkennen k\u00f6nnen<\/li>\n<li>Gewonnene Erkenntnisse effizient mit der \u00fcbergeordneten F\u00fchrungskraft kommunizieren k\u00f6nnen<\/li>\n<li>Techniken der Brandbek\u00e4mpfung und taktischen Ventilation gemeinsam und eigenverantwortlich ausw\u00e4hlen und anwenden k\u00f6nnen<\/li>\n<li>Techniken zur Personenrettung gemeinsam und eigenverantwortlich ausw\u00e4hlen und anwenden k\u00f6nnen<\/li>\n<li>Schnelles Erkennen und Beurteilen kritischer Situationen\/eines Notfalls<\/li>\n<li>M\u00f6glichkeiten der Selbsthilfe\/Selbstrettung kennen und anwenden k\u00f6nnen<\/li>\n<li>Rettungsvarianten mit vorhandenen Rettungsmitteln kennen und anwenden k\u00f6nnen<\/li>\n<li>Sicherstellen der Atemluftversorgung beherrschen<\/li>\n<li>Mayday Meldung sicher absetzen<\/li>\n<\/ul>\n<p><a href=\"http:\/\/www.kreisfeuerwehrverband-vechta.de\/?page_id=233\"><img decoding=\"async\" class=\"alignleft size-full wp-image-9858\" src=\"http:\/\/www.kreisfeuerwehrverband-vechta.de\/wp_KFV_2016\/wp-content\/uploads\/Download-Hinweise_150px.png\" alt=\"\" width=\"150\" height=\"62\"><\/a><\/p>\n","protected":false},"excerpt":{"rendered":"<p>&nbsp; &nbsp; Lehrgang &#8222;Einsatztaktik im Atemschutzeinsatz&#8220; (Dauer 1 Tag) In dem Lehrgang &#8222;Einsatztaktik im Atemschutzeinsatz&#8220; werden folgende Inhalte an die Teilnehmer\/innen vermittelt: Die Einsatzbereitschaft des Trupps feststellen und \u00fcberpr\u00fcfen k\u00f6nnen M\u00f6gliche Gefahren an der Einsatzstelle erkennen k\u00f6nnen Gewonnene Erkenntnisse effizient<\/p>\n","protected":false},"author":1,"featured_media":0,"parent":300,"menu_order":0,"comment_status":"closed","ping_status":"closed","template":"","meta":{"ngg_post_thumbnail":0,"footnotes":""},"class_list":["post-9865","page","type-page","status-publish","hentry"],"_links":{"self":[{"href":"https:\/\/www.kreisfeuerwehrverband-vechta.de\/index.php?rest_route=\/wp\/v2\/pages\/9865","targetHints":{"allow":["GET"]}}],"collection":[{"href":"https:\/\/www.kreisfeuerwehrverband-vechta.de\/index.php?rest_route=\/wp\/v2\/pages"}],"about":[{"href":"https:\/\/www.kreisfeuerwehrverband-vechta.de\/index.php?rest_route=\/wp\/v2\/types\/page"}],"author":[{"embeddable":true,"href":"https:\/\/www.kreisfeuerwehrverband-vechta.de\/index.php?rest_route=\/wp\/v2\/users\/1"}],"replies":[{"embeddable":true,"href":"https:\/\/www.kreisfeuerwehrverband-vechta.de\/index.php?rest_route=%2Fwp%2Fv2%2Fcomments&post=9865"}],"version-history":[{"count":0,"href":"https:\/\/www.kreisfeuerwehrverband-vechta.de\/index.php?rest_route=\/wp\/v2\/pages\/9865\/revisions"}],"up":[{"embeddable":true,"href":"https:\/\/www.kreisfeuerwehrverband-vechta.de\/index.php?rest_route=\/wp\/v2\/pages\/300"}],"wp:attachment":[{"href":"https:\/\/www.kreisfeuerwehrverband-vechta.de\/index.php?rest_route=%2Fwp%2Fv2%2Fmedia&parent=9865"}],"curies":[{"name":"wp","href":"https:\/\/api.w.org\/{rel}","templated":true}]}}

<p><a href="http://www.kreisfeuerwehrverband-vechta.de/?page_id=300"><img decoding="async" class="alignleft size-full wp-image-9851" src="http://www.kreisfeuerwehrverband-vechta.de/wp_KFV_2016/wp-content/uploads/Zurueck_75px.png" alt="" width="75" height="26"></a></p>
<p>&nbsp;</p>
<p>&nbsp;</p>
<p><span style="text-decoration: underline;"><strong>Lehrgang &#8222;Einsatztaktik im Atemschutzeinsatz&#8220; (Dauer 1 Tag)</strong></span></p>
<p>In dem Lehrgang &#8222;Einsatztaktik im Atemschutzeinsatz&#8220; werden folgende Inhalte an die Teilnehmer/innen vermittelt:</p>
<ul>
<li>Die Einsatzbereitschaft des Trupps feststellen und überprüfen können</li>
<li>Mögliche Gefahren an der Einsatzstelle erkennen können</li>
<li>Gewonnene Erkenntnisse effizient mit der übergeordneten Führungskraft kommunizieren können</li>
<li>Techniken der Brandbekämpfung und taktischen Ventilation gemeinsam und eigenverantwortlich auswählen und anwenden können</li>
<li>Techniken zur Personenrettung gemeinsam und eigenverantwortlich auswählen und anwenden können</li>
<li>Schnelles Erkennen und Beurteilen kritischer Situationen/eines Notfalls</li>
<li>Möglichkeiten der Selbsthilfe/Selbstrettung kennen und anwenden können</li>
<li>Rettungsvarianten mit vorhandenen Rettungsmitteln kennen und anwenden können</li>
<li>Sicherstellen der Atemluftversorgung beherrschen</li>
<li>Mayday Meldung sicher absetzen</li>
</ul>
<p><a href="http://www.kreisfeuerwehrverband-vechta.de/?page_id=233"><img decoding="async" class="alignleft size-full wp-image-9858" src="http://www.kreisfeuerwehrverband-vechta.de/wp_KFV_2016/wp-content/uploads/Download-Hinweise_150px.png" alt="" width="150" height="62"></a></p>

<p>&nbsp; &nbsp; Lehrgang &#8222;Einsatztaktik im Atemschutzeinsatz&#8220; (Dauer 1 Tag) In dem Lehrgang &#8222;Einsatztaktik im Atemschutzeinsatz&#8220; werden folgende Inhalte an die Teilnehmer/innen vermittelt: Die Einsatzbereitschaft des Trupps feststellen und überprüfen können Mögliche Gefahren an der Einsatzstelle erkennen können Gewonnene Erkenntnisse effizient</p>
