{"id":38,"date":"2016-02-15T13:36:26","date_gmt":"2016-02-15T12:36:26","guid":{"rendered":"http:\/\/www.kreisfeuerwehrverband-vechta.de\/?page_id=38"},"modified":"2017-01-23T20:57:10","modified_gmt":"2017-01-23T19:57:10","slug":"kreisbereitschaft","status":"publish","type":"page","link":"https:\/\/www.kreisfeuerwehrverband-vechta.de\/?page_id=38","title":{"rendered":"Landesfeuerwehrverband Nds."},"content":{"rendered":"<p><img decoding=\"async\" class=\"aligncenter size-full wp-image-131\" src=\"http:\/\/www.kreisfeuerwehrverband-vechta.de\/wp_KFV_2016\/wp-content\/uploads\/Logo_KFV-Nds_116x100.png\" alt=\"Logo_KFV-Nds_116x100\" width=\"116\" height=\"100\" \/><\/p>\n<p>Der Landesfeuerwehrverband Niedersachsen (LFV-NDS) ist der Zusammenschluss der Freiwilligen Feuerwehren sowie der Berufs- und der Werksfeuerwehren im Land Niedersachsen. Die Angeh\u00f6rigen der Feuerwehren sind \u00fcber die 55 Kreisfeuerwehrverb\u00e4nde (KFV) im Landesfeuerwehrverband Niedersachsen organisiert.<!--more--><\/p>\n<p><a href=\"http:\/\/www.lfv-nds.de\/\" target=\"_blank\">&#8230;zur Website des Landesfeuerwehrverbandes<\/a><\/p>\n","protected":false},"excerpt":{"rendered":"<p>Der Landesfeuerwehrverband Niedersachsen (LFV-NDS) ist der Zusammenschluss der Freiwilligen Feuerwehren sowie der Berufs- und der Werksfeuerwehren im Land Niedersachsen. Die Angeh\u00f6rigen der Feuerwehren sind \u00fcber die 55 Kreisfeuerwehrverb\u00e4nde (KFV) im Landesfeuerwehrverband Niedersachsen organisiert.<\/p>\n","protected":false},"author":1,"featured_media":131,"parent":0,"menu_order":0,"comment_status":"closed","ping_status":"closed","template":"","meta":{"ngg_post_thumbnail":0,"footnotes":""},"class_list":["post-38","page","type-page","status-publish","has-post-thumbnail","hentry"],"_links":{"self":[{"href":"https:\/\/www.kreisfeuerwehrverband-vechta.de\/index.php?rest_route=\/wp\/v2\/pages\/38","targetHints":{"allow":["GET"]}}],"collection":[{"href":"https:\/\/www.kreisfeuerwehrverband-vechta.de\/index.php?rest_route=\/wp\/v2\/pages"}],"about":[{"href":"https:\/\/www.kreisfeuerwehrverband-vechta.de\/index.php?rest_route=\/wp\/v2\/types\/page"}],"author":[{"embeddable":true,"href":"https:\/\/www.kreisfeuerwehrverband-vechta.de\/index.php?rest_route=\/wp\/v2\/users\/1"}],"replies":[{"embeddable":true,"href":"https:\/\/www.kreisfeuerwehrverband-vechta.de\/index.php?rest_route=%2Fwp%2Fv2%2Fcomments&post=38"}],"version-history":[{"count":0,"href":"https:\/\/www.kreisfeuerwehrverband-vechta.de\/index.php?rest_route=\/wp\/v2\/pages\/38\/revisions"}],"wp:featuredmedia":[{"embeddable":true,"href":"https:\/\/www.kreisfeuerwehrverband-vechta.de\/index.php?rest_route=\/wp\/v2\/media\/131"}],"wp:attachment":[{"href":"https:\/\/www.kreisfeuerwehrverband-vechta.de\/index.php?rest_route=%2Fwp%2Fv2%2Fmedia&parent=38"}],"curies":[{"name":"wp","href":"https:\/\/api.w.org\/{rel}","templated":true}]}}