{"id":300,"date":"2016-02-21T12:10:45","date_gmt":"2016-02-21T11:10:45","guid":{"rendered":"http:\/\/www.kreisfeuerwehrverband-vechta.de\/?page_id=300"},"modified":"2026-01-22T14:54:17","modified_gmt":"2026-01-22T13:54:17","slug":"lehrgangsangebot","status":"publish","type":"page","link":"https:\/\/www.kreisfeuerwehrverband-vechta.de\/?page_id=300","title":{"rendered":"Lehrgangsangebot"},"content":{"rendered":"<p>Folgende feuerwehrtechnische Lehrg\u00e4nge werden im Schnitt dreimal j\u00e4hrlich an der feuerwehrtechnischen Zentrale (FTZ) des Landkreises Vechta angeboten:<\/p>\n<ul>\n<li><span style=\"color: #ffffff;\"><a style=\"color: #ffffff;\" href=\"http:\/\/www.kreisfeuerwehrverband-vechta.de\/?page_id=9821\">Truppmitglied (Dauer 5 Tage)<\/a><\/span><\/li>\n<li><span style=\"color: #ffffff;\"><a style=\"color: #ffffff;\" href=\"http:\/\/www.kreisfeuerwehrverband-vechta.de\/?page_id=9825\">TM 2 zu Truppf\u00fchrende (Dauer 1 Tag)<\/a><\/span><\/li>\n<li><span style=\"color: #ffffff;\"><a style=\"color: #ffffff;\" href=\"http:\/\/www.kreisfeuerwehrverband-vechta.de\/?page_id=9827\">Atemschutzger\u00e4tetr\u00e4ger (Dauer 4 Tage)<\/a><\/span><\/li>\n<li><span style=\"color: #ffffff;\"><a style=\"color: #ffffff;\" href=\"https:\/\/www.kreisfeuerwehrverband-vechta.de\/?page_id=10477\">Chemikalienschutzanzugtr\u00e4ger (Dauer 1 Tag)<\/a><\/span><\/li>\n<li><span style=\"color: #ffffff;\"><a style=\"color: #ffffff;\" href=\"http:\/\/www.kreisfeuerwehrverband-vechta.de\/?page_id=9829\">Realbrandausbildung (Dauer 1 Tag)<\/a><\/span><\/li>\n<li><span style=\"color: #ffffff;\"><a style=\"color: #ffffff;\" href=\"http:\/\/www.kreisfeuerwehrverband-vechta.de\/?page_id=9865\">Einsatztaktik im Atemschutzeinsatz (Dauer 1 Tag)<\/a><\/span><\/li>\n<li><span style=\"color: #ffffff;\"><a style=\"color: #ffffff;\" href=\"http:\/\/www.kreisfeuerwehrverband-vechta.de\/?page_id=9831\">Sprechfunker im Digitalfunk (Dauer 2 Tage)<\/a><\/span><\/li>\n<li><span style=\"color: #ffffff;\"><a style=\"color: #ffffff;\" href=\"https:\/\/www.kreisfeuerwehrverband-vechta.de\/?page_id=10429\">F\u00fchrungshilfspersonal ELW (Dauer 2 Tage)<\/a><\/span><\/li>\n<li><span style=\"color: #ffffff;\"><a style=\"color: #ffffff;\" href=\"http:\/\/www.kreisfeuerwehrverband-vechta.de\/?page_id=9833\">Maschinist (Dauer 5 Tage)<\/a><\/span><\/li>\n<li><span style=\"color: #ffffff;\"><a style=\"color: #ffffff;\" href=\"http:\/\/www.kreisfeuerwehrverband-vechta.de\/?page_id=9869\">Multiplikator &#8211; mod. Grundlagenausbildung (Dauer 1 Tag)<\/a><\/span><\/li>\n<\/ul>\n<p><em>Die Informationen zu den Lehrg\u00e4ngen findet ihr mit Klick auf den jeweiligen Lehrgang!<\/em><\/p>\n<p>Zus\u00e4tzlich finden in regelm\u00e4\u00dfigen Abst\u00e4nden Weiterbildungsveranstaltungen und Seminare auf Zugf\u00fchrer und Gruppenf\u00fchrerebene statt.<\/p>\n<p><a href=\"http:\/\/www.kreisfeuerwehrverband-vechta.de\/?page_id=957\">Eine \u00dcbersicht \u00fcber die aktuell stattfindenden Lehrg\u00e4nge befindet sich hier!<\/a><\/p>\n","protected":false},"excerpt":{"rendered":"<p>Folgende feuerwehrtechnische Lehrg\u00e4nge werden im Schnitt dreimal j\u00e4hrlich an der feuerwehrtechnischen Zentrale (FTZ) des Landkreises Vechta angeboten: Truppmitglied (Dauer 5 Tage) TM 2 zu Truppf\u00fchrende (Dauer 1 Tag) Atemschutzger\u00e4tetr\u00e4ger (Dauer 4 Tage) Chemikalienschutzanzugtr\u00e4ger (Dauer 1 Tag) Realbrandausbildung (Dauer 1 Tag)<\/p>\n","protected":false},"author":1,"featured_media":0,"parent":194,"menu_order":0,"comment_status":"closed","ping_status":"closed","template":"","meta":{"ngg_post_thumbnail":0,"footnotes":""},"class_list":["post-300","page","type-page","status-publish","hentry"],"_links":{"self":[{"href":"https:\/\/www.kreisfeuerwehrverband-vechta.de\/index.php?rest_route=\/wp\/v2\/pages\/300","targetHints":{"allow":["GET"]}}],"collection":[{"href":"https:\/\/www.kreisfeuerwehrverband-vechta.de\/index.php?rest_route=\/wp\/v2\/pages"}],"about":[{"href":"https:\/\/www.kreisfeuerwehrverband-vechta.de\/index.php?rest_route=\/wp\/v2\/types\/page"}],"author":[{"embeddable":true,"href":"https:\/\/www.kreisfeuerwehrverband-vechta.de\/index.php?rest_route=\/wp\/v2\/users\/1"}],"replies":[{"embeddable":true,"href":"https:\/\/www.kreisfeuerwehrverband-vechta.de\/index.php?rest_route=%2Fwp%2Fv2%2Fcomments&post=300"}],"version-history":[{"count":0,"href":"https:\/\/www.kreisfeuerwehrverband-vechta.de\/index.php?rest_route=\/wp\/v2\/pages\/300\/revisions"}],"up":[{"embeddable":true,"href":"https:\/\/www.kreisfeuerwehrverband-vechta.de\/index.php?rest_route=\/wp\/v2\/pages\/194"}],"wp:attachment":[{"href":"https:\/\/www.kreisfeuerwehrverband-vechta.de\/index.php?rest_route=%2Fwp%2Fv2%2Fmedia&parent=300"}],"curies":[{"name":"wp","href":"https:\/\/api.w.org\/{rel}","templated":true}]}}

<p>Folgende feuerwehrtechnische Lehrgänge werden im Schnitt dreimal jährlich an der feuerwehrtechnischen Zentrale (FTZ) des Landkreises Vechta angeboten:</p>
<ul>
<li><span style="color: #ffffff;"><a style="color: #ffffff;" href="http://www.kreisfeuerwehrverband-vechta.de/?page_id=9821">Truppmitglied (Dauer 5 Tage)</a></span></li>
<li><span style="color: #ffffff;"><a style="color: #ffffff;" href="http://www.kreisfeuerwehrverband-vechta.de/?page_id=9825">TM 2 zu Truppführende (Dauer 1 Tag)</a></span></li>
<li><span style="color: #ffffff;"><a style="color: #ffffff;" href="http://www.kreisfeuerwehrverband-vechta.de/?page_id=9827">Atemschutzgeräteträger (Dauer 4 Tage)</a></span></li>
<li><span style="color: #ffffff;"><a style="color: #ffffff;" href="https://www.kreisfeuerwehrverband-vechta.de/?page_id=10477">Chemikalienschutzanzugträger (Dauer 1 Tag)</a></span></li>
<li><span style="color: #ffffff;"><a style="color: #ffffff;" href="http://www.kreisfeuerwehrverband-vechta.de/?page_id=9829">Realbrandausbildung (Dauer 1 Tag)</a></span></li>
<li><span style="color: #ffffff;"><a style="color: #ffffff;" href="http://www.kreisfeuerwehrverband-vechta.de/?page_id=9865">Einsatztaktik im Atemschutzeinsatz (Dauer 1 Tag)</a></span></li>
<li><span style="color: #ffffff;"><a style="color: #ffffff;" href="http://www.kreisfeuerwehrverband-vechta.de/?page_id=9831">Sprechfunker im Digitalfunk (Dauer 2 Tage)</a></span></li>
<li><span style="color: #ffffff;"><a style="color: #ffffff;" href="https://www.kreisfeuerwehrverband-vechta.de/?page_id=10429">Führungshilfspersonal ELW (Dauer 2 Tage)</a></span></li>
<li><span style="color: #ffffff;"><a style="color: #ffffff;" href="http://www.kreisfeuerwehrverband-vechta.de/?page_id=9833">Maschinist (Dauer 5 Tage)</a></span></li>
<li><span style="color: #ffffff;"><a style="color: #ffffff;" href="http://www.kreisfeuerwehrverband-vechta.de/?page_id=9869">Multiplikator &#8211; mod. Grundlagenausbildung (Dauer 1 Tag)</a></span></li>
</ul>
<p><em>Die Informationen zu den Lehrgängen findet ihr mit Klick auf den jeweiligen Lehrgang!</em></p>
<p>Zusätzlich finden in regelmäßigen Abständen Weiterbildungsveranstaltungen und Seminare auf Zugführer und Gruppenführerebene statt.</p>
<p><a href="http://www.kreisfeuerwehrverband-vechta.de/?page_id=957">Eine Übersicht über die aktuell stattfindenden Lehrgänge befindet sich hier!</a></p>

<p>Folgende feuerwehrtechnische Lehrgänge werden im Schnitt dreimal jährlich an der feuerwehrtechnischen Zentrale (FTZ) des Landkreises Vechta angeboten: Truppmitglied (Dauer 5 Tage) TM 2 zu Truppführende (Dauer 1 Tag) Atemschutzgeräteträger (Dauer 4 Tage) Chemikalienschutzanzugträger (Dauer 1 Tag) Realbrandausbildung (Dauer 1 Tag)</p>
