{"id":2437,"date":"2016-04-25T17:40:36","date_gmt":"2016-04-25T15:40:36","guid":{"rendered":"http:\/\/www.kreisfeuerwehrverband-vechta.de\/?page_id=2437"},"modified":"2025-12-02T16:24:19","modified_gmt":"2025-12-02T15:24:19","slug":"pfingstzeltlager","status":"publish","type":"page","link":"https:\/\/www.kreisfeuerwehrverband-vechta.de\/?page_id=2437","title":{"rendered":"Pfingstzeltlager"},"content":{"rendered":"<p><img fetchpriority=\"high\" decoding=\"async\" class=\"aligncenter size-full wp-image-2656\" src=\"http:\/\/www.kreisfeuerwehrverband-vechta.de\/wp_KFV_2016\/wp-content\/uploads\/Wimpelordnung_1000px.jpg\" alt=\"Wimpelordnung_1000px\" width=\"1000\" height=\"1414\" srcset=\"https:\/\/www.kreisfeuerwehrverband-vechta.de\/wp_KFV_2016\/wp-content\/uploads\/Wimpelordnung_1000px.jpg 1000w, https:\/\/www.kreisfeuerwehrverband-vechta.de\/wp_KFV_2016\/wp-content\/uploads\/Wimpelordnung_1000px-212x300.jpg 212w, https:\/\/www.kreisfeuerwehrverband-vechta.de\/wp_KFV_2016\/wp-content\/uploads\/Wimpelordnung_1000px-724x1024.jpg 724w\" sizes=\"(max-width: 1000px) 100vw, 1000px\" \/><\/p>\n<p style=\"text-align: center;\">Bei Einhaltung dieser Regeln sollte es keine Probleme geben <br \/>\nund ein &#8222;friedlicher&#8220; \u00dcberfall gew\u00e4hrleistet sein!<\/p>\n<p><strong><span style=\"text-decoration: underline;\"><span style=\"font-size: 12pt;\">\u00dcbersicht der Pfingstzeltlager:<\/span><\/span><br \/>\n<\/strong><\/p>\n<table style=\"border-collapse: collapse; width: 100%; height: 792px;\">\n<tbody>\n<tr style=\"height: 24px;\">\n<td style=\"width: 24.9819%; height: 24px; text-align: center;\"><span style=\"font-size: 12pt;\"><strong>Datum \/ Jahr<\/strong><\/span><\/td>\n<td style=\"width: 24.9819%; height: 24px; text-align: center;\"><span style=\"font-size: 12pt;\"><strong>Ort<\/strong><\/span><\/td>\n<td style=\"width: 24.9819%; height: 24px; text-align: center;\"><span style=\"font-size: 12pt;\"><strong>Datum \/ Jahr<\/strong><\/span><\/td>\n<td style=\"width: 24.9819%; height: 24px; text-align: center;\"><span style=\"font-size: 12pt;\"><strong>Ort<\/strong><\/span><\/td>\n<\/tr>\n<tr style=\"height: 24px;\">\n<td style=\"width: 24.9819%; height: 24px; text-align: center;\"><strong>1974<\/strong><\/td>\n<td style=\"width: 24.9819%; height: 24px; text-align: center;\">Neuenkirchen<\/td>\n<td style=\"width: 24.9819%; height: 24px; text-align: center;\"><strong>2006<\/strong><\/td>\n<td style=\"width: 24.9819%; height: 24px; text-align: center;\">Bakum<\/td>\n<\/tr>\n<tr style=\"height: 24px;\">\n<td style=\"width: 24.9819%; height: 24px; text-align: center;\"><strong>1975<\/strong><\/td>\n<td style=\"width: 24.9819%; height: 24px; text-align: center;\">Dinklage<\/td>\n<td style=\"width: 24.9819%; height: 24px; text-align: center;\"><strong>2007<\/strong><\/td>\n<td style=\"width: 24.9819%; height: 24px; text-align: center;\">S\u00fcdlohne<\/td>\n<\/tr>\n<tr style=\"height: 24px;\">\n<td style=\"width: 24.9819%; height: 24px; text-align: center;\"><strong>1976<\/strong><\/td>\n<td style=\"width: 24.9819%; height: 24px; text-align: center;\">Vechta<\/td>\n<td style=\"width: 24.9819%; height: 24px; text-align: center;\"><strong>2008<\/strong><\/td>\n<td style=\"width: 24.9819%; height: 24px; text-align: center;\">Dinklage<\/td>\n<\/tr>\n<tr style=\"height: 24px;\">\n<td style=\"width: 24.9819%; height: 24px; text-align: center;\"><strong>1977<\/strong><\/td>\n<td style=\"width: 24.9819%; height: 24px; text-align: center;\">Damme<\/td>\n<td style=\"width: 24.9819%; height: 24px; text-align: center;\"><strong>2009<\/strong><\/td>\n<td style=\"width: 24.9819%; height: 24px; text-align: center;\">Steinfeld<\/td>\n<\/tr>\n<tr style=\"height: 24px;\">\n<td style=\"width: 24.9819%; height: 24px; text-align: center;\"><strong>1978<\/strong><\/td>\n<td style=\"width: 24.9819%; height: 24px; text-align: center;\">Steinfeld<\/td>\n<td style=\"width: 24.9819%; height: 24px; text-align: center;\"><strong>2010<\/strong><\/td>\n<td style=\"width: 24.9819%; height: 24px; text-align: center;\">Lutten<\/td>\n<\/tr>\n<tr style=\"height: 24px;\">\n<td style=\"width: 24.9819%; height: 24px; text-align: center;\"><strong>1979<\/strong><\/td>\n<td style=\"width: 24.9819%; height: 24px; text-align: center;\">Neuenkirchen<\/td>\n<td style=\"width: 24.9819%; height: 24px; text-align: center;\"><strong>2011<\/strong><\/td>\n<td style=\"width: 24.9819%; height: 24px; text-align: center;\">Neuenkirchen<\/td>\n<\/tr>\n<tr style=\"height: 24px;\">\n<td style=\"width: 24.9819%; height: 24px; text-align: center;\"><strong>1980<\/strong><\/td>\n<td style=\"width: 24.9819%; height: 24px; text-align: center;\">OFV (Burhave)<\/td>\n<td style=\"width: 24.9819%; height: 24px; text-align: center;\"><strong>2012<\/strong><\/td>\n<td style=\"width: 24.9819%; height: 24px; text-align: center;\">Visbek<\/td>\n<\/tr>\n<tr style=\"height: 24px;\">\n<td style=\"width: 24.9819%; height: 24px; text-align: center;\"><strong>1981<\/strong><\/td>\n<td style=\"width: 24.9819%; height: 24px; text-align: center;\">Dinklage<\/td>\n<td style=\"width: 24.9819%; height: 24px; text-align: center;\"><strong>2013<\/strong><\/td>\n<td style=\"width: 24.9819%; height: 24px; text-align: center;\">Brockdorf<\/td>\n<\/tr>\n<tr style=\"height: 24px;\">\n<td style=\"width: 24.9819%; height: 24px; text-align: center;\"><strong>1982<\/strong><\/td>\n<td style=\"width: 24.9819%; height: 24px; text-align: center;\">Vechta<\/td>\n<td style=\"width: 24.9819%; height: 24px; text-align: center;\"><strong>2014<\/strong><\/td>\n<td style=\"width: 24.9819%; height: 24px; text-align: center;\">Vechta<\/td>\n<\/tr>\n<tr style=\"height: 24px;\">\n<td style=\"width: 24.9819%; height: 24px; text-align: center;\"><strong>1983<\/strong><\/td>\n<td style=\"width: 24.9819%; height: 24px; text-align: center;\">Damme<\/td>\n<td style=\"width: 24.9819%; height: 24px; text-align: center;\"><strong>2015<\/strong><\/td>\n<td style=\"width: 24.9819%; height: 24px; text-align: center;\">Lohne (<a href=\"https:\/\/www.youtube.com\/watch?v=9qgrD6mfA4Y\" target=\"_blank\" rel=\"noopener\">Video<\/a>)<\/td>\n<\/tr>\n<tr style=\"height: 24px;\">\n<td style=\"width: 24.9819%; height: 24px; text-align: center;\"><strong>1984<\/strong><\/td>\n<td style=\"width: 24.9819%; height: 24px; text-align: center;\">Neuenkirchen<\/td>\n<td style=\"width: 24.9819%; height: 24px; text-align: center;\"><strong>2016<\/strong><\/td>\n<td style=\"width: 24.9819%; height: 24px; text-align: center;\">Damme (<a href=\"http:\/\/www.kreisfeuerwehrverband-vechta.de\/?p=2828\" target=\"_blank\" rel=\"noopener\">Bericht<\/a>)<\/td>\n<\/tr>\n<tr style=\"height: 24px;\">\n<td style=\"width: 24.9819%; height: 24px; text-align: center;\"><strong>1985<\/strong><\/td>\n<td style=\"width: 24.9819%; height: 24px; text-align: center;\">Dinklage<\/td>\n<td style=\"width: 24.9819%; height: 24px; text-align: center;\"><strong>2017<\/strong><\/td>\n<td style=\"width: 24.9819%; height: 24px; text-align: center;\">L\u00fcsche (<a href=\"http:\/\/www.kreisfeuerwehrverband-vechta.de\/?p=4764\" target=\"_blank\" rel=\"noopener\">Bericht<\/a>)<\/td>\n<\/tr>\n<tr style=\"height: 24px;\">\n<td style=\"width: 24.9819%; height: 24px; text-align: center;\"><strong>1986<\/strong><\/td>\n<td style=\"width: 24.9819%; height: 24px; text-align: center;\">Vechta<\/td>\n<td style=\"width: 24.9819%; height: 24px; text-align: center;\"><strong>2018<\/strong><\/td>\n<td style=\"width: 24.9819%; height: 24px; text-align: center;\">Langf\u00f6rden (<a href=\"http:\/\/www.kreisfeuerwehrverband-vechta.de\/?p=6522\" target=\"_blank\" rel=\"noopener\">Bericht<\/a>)<\/td>\n<\/tr>\n<tr style=\"height: 24px;\">\n<td style=\"width: 24.9819%; height: 24px; text-align: center;\"><strong>1987<\/strong><\/td>\n<td style=\"width: 24.9819%; height: 24px; text-align: center;\">Damme<\/td>\n<td style=\"width: 24.9819%; height: 24px; text-align: center;\"><strong>2019<\/strong><\/td>\n<td style=\"width: 24.9819%; height: 24px; text-align: center;\">Holdorf (<a href=\"http:\/\/www.kreisfeuerwehrverband-vechta.de\/?p=7884\" target=\"_blank\" rel=\"noopener\">Bericht<\/a>)<\/td>\n<\/tr>\n<tr style=\"height: 24px;\">\n<td style=\"width: 24.9819%; height: 24px; text-align: center;\"><strong>1988<\/strong><\/td>\n<td style=\"width: 24.9819%; height: 24px; text-align: center;\">V\u00f6rden<\/td>\n<td style=\"width: 24.9819%; height: 24px; text-align: center;\"><strong>2020 <em><span style=\"color: #00ccff;\">(ausgefallen)<\/span><\/em><br \/>\n<\/strong><\/td>\n<td style=\"width: 24.9819%; height: 24px; text-align: center;\">Osterfeine<\/td>\n<\/tr>\n<tr style=\"height: 24px;\">\n<td style=\"width: 24.9819%; height: 24px; text-align: center;\"><strong>1989<\/strong><\/td>\n<td style=\"width: 24.9819%; height: 24px; text-align: center;\">Goldenstedt<\/td>\n<td style=\"width: 24.9819%; height: 24px; text-align: center;\"><strong>2021 <span style=\"color: #00ccff;\"><em>(ausgefallen)<\/em><\/span><br \/>\n<\/strong><\/td>\n<td style=\"width: 24.9819%; height: 24px; text-align: center;\">V\u00f6rden<\/td>\n<\/tr>\n<tr style=\"height: 24px;\">\n<td style=\"width: 24.9819%; height: 24px; text-align: center;\"><strong>1990<\/strong><\/td>\n<td style=\"width: 24.9819%; height: 24px; text-align: center;\">Neuenkirchen<\/td>\n<td style=\"width: 24.9819%; height: 24px; text-align: center;\"><strong>2022<\/strong><\/td>\n<td style=\"width: 24.9819%; height: 24px; text-align: center;\">Borringhausen (<a href=\"http:\/\/www.kreisfeuerwehrverband-vechta.de\/?p=8654\" target=\"_blank\" rel=\"noopener\">Ber.<\/a>)<\/td>\n<\/tr>\n<tr style=\"height: 24px;\">\n<td style=\"width: 24.9819%; height: 24px; text-align: center;\"><strong>1991<\/strong><\/td>\n<td style=\"width: 24.9819%; height: 24px; text-align: center;\">Dinklage<\/td>\n<td style=\"width: 24.9819%; height: 24px; text-align: center;\"><strong>2023<\/strong><\/td>\n<td style=\"width: 24.9819%; height: 24px; text-align: center;\">Osterfeine (<a href=\"http:\/\/www.kreisfeuerwehrverband-vechta.de\/?p=9015\">Bericht<\/a>)<\/td>\n<\/tr>\n<tr style=\"height: 24px;\">\n<td style=\"width: 24.9819%; height: 24px; text-align: center;\"><strong>1992<\/strong><\/td>\n<td style=\"width: 24.9819%; height: 24px; text-align: center;\">Vechta<\/td>\n<td style=\"width: 24.9819%; height: 24px; text-align: center;\"><strong>2024<\/strong><\/td>\n<td style=\"width: 24.9819%; height: 24px; text-align: center;\">Goldenstedt (<a href=\"http:\/\/www.kreisfeuerwehrverband-vechta.de\/?p=9250\">Bericht<\/a>)<\/td>\n<\/tr>\n<tr style=\"height: 24px;\">\n<td style=\"width: 24.9819%; height: 24px; text-align: center;\"><strong>1993<\/strong><\/td>\n<td style=\"width: 24.9819%; height: 24px; text-align: center;\">Damme<\/td>\n<td style=\"width: 24.9819%; height: 24px; text-align: center;\"><strong>2025<\/strong><\/td>\n<td style=\"width: 24.9819%; height: 24px; text-align: center;\">Bakum (<a href=\"https:\/\/www.kreisfeuerwehrverband-vechta.de\/?p=10300\">Bericht<\/a>)<\/td>\n<\/tr>\n<tr style=\"height: 24px;\">\n<td style=\"width: 24.9819%; height: 24px; text-align: center;\"><strong>1994<\/strong><\/td>\n<td style=\"width: 24.9819%; height: 24px; text-align: center;\">V\u00f6rden<\/td>\n<td style=\"width: 24.9819%; height: 24px; text-align: center;\"><strong>22.05.-26.05.2026<\/strong><\/td>\n<td style=\"width: 24.9819%; height: 24px; text-align: center;\">S\u00fcdlohne<\/td>\n<\/tr>\n<tr style=\"height: 24px;\">\n<td style=\"width: 24.9819%; height: 24px; text-align: center;\"><strong>1995<\/strong><\/td>\n<td style=\"width: 24.9819%; height: 24px; text-align: center;\">Osterfeine<\/td>\n<td style=\"width: 24.9819%; height: 24px; text-align: center;\"><strong>14.05.-18.05.2027<\/strong><\/td>\n<td style=\"width: 24.9819%; height: 24px; text-align: center;\">Lutten<\/td>\n<\/tr>\n<tr style=\"height: 24px;\">\n<td style=\"width: 24.9819%; height: 24px; text-align: center;\"><strong>1996<\/strong><\/td>\n<td style=\"width: 24.9819%; height: 24px; text-align: center;\">Bakum<\/td>\n<td style=\"width: 24.9819%; height: 24px; text-align: center;\"><strong>2028<\/strong><\/td>\n<td style=\"width: 24.9819%; height: 24px; text-align: center;\">Rechterfeld<\/td>\n<\/tr>\n<tr style=\"height: 24px;\">\n<td style=\"width: 24.9819%; height: 24px; text-align: center;\"><strong>1997<\/strong><\/td>\n<td style=\"width: 24.9819%; height: 24px; text-align: center;\">Dinklage<\/td>\n<td style=\"width: 24.9819%; height: 24px; text-align: center;\"><strong>2029<\/strong><\/td>\n<td style=\"width: 24.9819%; height: 24px; text-align: center;\">Steinfeld<\/td>\n<\/tr>\n<tr style=\"height: 24px;\">\n<td style=\"width: 24.9819%; height: 24px; text-align: center;\"><strong>1998<\/strong><\/td>\n<td style=\"width: 24.9819%; height: 24px; text-align: center;\">Visbek<\/td>\n<td style=\"width: 24.9819%; height: 24px; text-align: center;\"><strong>2030<\/strong><\/td>\n<td style=\"width: 24.9819%; height: 24px; text-align: center;\">Lohne<\/td>\n<\/tr>\n<tr style=\"height: 24px;\">\n<td style=\"width: 24.9819%; height: 24px; text-align: center;\"><strong>1999<\/strong><\/td>\n<td style=\"width: 24.9819%; height: 24px; text-align: center;\">Neuenkirchen<\/td>\n<td style=\"width: 24.9819%; height: 24px; text-align: center;\"><strong>2031<\/strong><\/td>\n<td style=\"width: 24.9819%; height: 24px; text-align: center;\">Dinklage<\/td>\n<\/tr>\n<tr style=\"height: 24px;\">\n<td style=\"width: 24.9819%; height: 24px; text-align: center;\"><strong>2000<\/strong><\/td>\n<td style=\"width: 24.9819%; height: 24px; text-align: center;\">Vechta<\/td>\n<td style=\"width: 24.9819%; height: 24px; text-align: center;\"><strong>2032<\/strong><\/td>\n<td style=\"width: 24.9819%; height: 24px; text-align: center;\">Neuenkirchen<\/td>\n<\/tr>\n<tr style=\"height: 24px;\">\n<td style=\"width: 24.9819%; height: 24px; text-align: center;\"><strong>2001<\/strong><\/td>\n<td style=\"width: 24.9819%; height: 24px; text-align: center;\">Lohne<\/td>\n<td style=\"width: 24.9819%; height: 24px; text-align: center;\"><strong>2033<\/strong><\/td>\n<td style=\"width: 24.9819%; height: 24px; text-align: center;\">Visbek<\/td>\n<\/tr>\n<tr style=\"height: 24px;\">\n<td style=\"width: 24.9819%; height: 24px; text-align: center;\"><strong>2002<\/strong><\/td>\n<td style=\"width: 24.9819%; height: 24px; text-align: center;\">Damme<\/td>\n<td style=\"width: 24.9819%; height: 24px; text-align: center;\"><strong>2034<\/strong><\/td>\n<td style=\"width: 24.9819%; text-align: center; height: 24px;\">Brockdorf<\/td>\n<\/tr>\n<tr style=\"height: 24px;\">\n<td style=\"width: 24.9819%; height: 24px; text-align: center;\"><strong>2003<\/strong><\/td>\n<td style=\"width: 24.9819%; height: 24px; text-align: center;\">V\u00f6rden<\/td>\n<td style=\"width: 24.9819%; text-align: center; height: 24px;\"><strong>2035<\/strong><\/td>\n<td style=\"width: 24.9819%; text-align: center; height: 24px;\">Vechta<\/td>\n<\/tr>\n<tr style=\"height: 24px;\">\n<td style=\"width: 24.9819%; height: 24px; text-align: center;\"><strong>2004<\/strong><\/td>\n<td style=\"width: 24.9819%; height: 24px; text-align: center;\">Osterfeine<\/td>\n<td style=\"width: 24.9819%; text-align: center; height: 24px;\"><strong>2036<\/strong><\/td>\n<td style=\"width: 24.9819%; text-align: center; height: 24px;\">V\u00f6rden<\/td>\n<\/tr>\n<tr style=\"height: 24px;\">\n<td style=\"width: 24.9819%; height: 24px; text-align: center;\"><strong>2005<\/strong><\/td>\n<td style=\"width: 24.9819%; height: 24px; text-align: center;\">Goldenstedt<\/td>\n<td style=\"width: 24.9819%; text-align: center; height: 24px;\"><strong>2037<\/strong><\/td>\n<td style=\"width: 24.9819%; text-align: center; height: 24px;\">Damme<\/td>\n<\/tr>\n<\/tbody>\n<\/table>\n<p><strong>&nbsp;<\/strong><\/p>\n<p><span style=\"font-size: 8pt;\">Bild: Lindemann (PZL Osterfeine 2023)<\/span><\/p>\n<p><img decoding=\"async\" class=\"alignleft wp-image-9013\" src=\"http:\/\/www.kreisfeuerwehrverband-vechta.de\/wp_KFV_2016\/wp-content\/uploads\/Drohne_Zeltplatz-scaled.jpg\" alt=\"\" width=\"1000\" height=\"563\" srcset=\"https:\/\/www.kreisfeuerwehrverband-vechta.de\/wp_KFV_2016\/wp-content\/uploads\/Drohne_Zeltplatz-scaled.jpg 2560w, https:\/\/www.kreisfeuerwehrverband-vechta.de\/wp_KFV_2016\/wp-content\/uploads\/Drohne_Zeltplatz-300x169.jpg 300w, https:\/\/www.kreisfeuerwehrverband-vechta.de\/wp_KFV_2016\/wp-content\/uploads\/Drohne_Zeltplatz-1024x576.jpg 1024w, https:\/\/www.kreisfeuerwehrverband-vechta.de\/wp_KFV_2016\/wp-content\/uploads\/Drohne_Zeltplatz-1536x864.jpg 1536w, https:\/\/www.kreisfeuerwehrverband-vechta.de\/wp_KFV_2016\/wp-content\/uploads\/Drohne_Zeltplatz-2048x1152.jpg 2048w\" sizes=\"(max-width: 1000px) 100vw, 1000px\" \/><\/p>\n","protected":false},"excerpt":{"rendered":"<p>Bei Einhaltung dieser Regeln sollte es keine Probleme geben und ein &#8222;friedlicher&#8220; \u00dcberfall gew\u00e4hrleistet sein! \u00dcbersicht der Pfingstzeltlager: Datum \/ Jahr Ort Datum \/ Jahr Ort 1974 Neuenkirchen 2006 Bakum 1975 Dinklage 2007 S\u00fcdlohne 1976 Vechta 2008 Dinklage 1977 Damme<\/p>\n","protected":false},"author":1,"featured_media":0,"parent":154,"menu_order":0,"comment_status":"closed","ping_status":"closed","template":"","meta":{"ngg_post_thumbnail":0,"footnotes":""},"class_list":["post-2437","page","type-page","status-publish","hentry"],"_links":{"self":[{"href":"https:\/\/www.kreisfeuerwehrverband-vechta.de\/index.php?rest_route=\/wp\/v2\/pages\/2437","targetHints":{"allow":["GET"]}}],"collection":[{"href":"https:\/\/www.kreisfeuerwehrverband-vechta.de\/index.php?rest_route=\/wp\/v2\/pages"}],"about":[{"href":"https:\/\/www.kreisfeuerwehrverband-vechta.de\/index.php?rest_route=\/wp\/v2\/types\/page"}],"author":[{"embeddable":true,"href":"https:\/\/www.kreisfeuerwehrverband-vechta.de\/index.php?rest_route=\/wp\/v2\/users\/1"}],"replies":[{"embeddable":true,"href":"https:\/\/www.kreisfeuerwehrverband-vechta.de\/index.php?rest_route=%2Fwp%2Fv2%2Fcomments&post=2437"}],"version-history":[{"count":0,"href":"https:\/\/www.kreisfeuerwehrverband-vechta.de\/index.php?rest_route=\/wp\/v2\/pages\/2437\/revisions"}],"up":[{"embeddable":true,"href":"https:\/\/www.kreisfeuerwehrverband-vechta.de\/index.php?rest_route=\/wp\/v2\/pages\/154"}],"wp:attachment":[{"href":"https:\/\/www.kreisfeuerwehrverband-vechta.de\/index.php?rest_route=%2Fwp%2Fv2%2Fmedia&parent=2437"}],"curies":[{"name":"wp","href":"https:\/\/api.w.org\/{rel}","templated":true}]}}