{"id":156,"date":"2016-02-19T15:33:37","date_gmt":"2016-02-19T14:33:37","guid":{"rendered":"http:\/\/www.kreisfeuerwehrverband-vechta.de\/?page_id=156"},"modified":"2025-09-07T20:25:44","modified_gmt":"2025-09-07T18:25:44","slug":"kreisbereitschaft-2","status":"publish","type":"page","link":"https:\/\/www.kreisfeuerwehrverband-vechta.de\/?page_id=156","title":{"rendered":"Kreisbereitschaft"},"content":{"rendered":"<figure id=\"attachment_2101\" aria-describedby=\"caption-attachment-2101\" style=\"width: 180px\" class=\"wp-caption alignleft\"><img decoding=\"async\" class=\"wp-image-2101\" src=\"http:\/\/www.kreisfeuerwehrverband-vechta.de\/wp_KFV_2016\/wp-content\/uploads\/Runnebohm-Peter.jpg\" width=\"180\" height=\"225\"><figcaption id=\"caption-attachment-2101\" class=\"wp-caption-text\">Peter Runnebohm<br \/>\nKreisbereitschaftsf\u00fchrer<\/figcaption><\/figure>\n<p>Die Landkreise haben nach dem Nieders\u00e4chsischen Brandschutzgesetz aus der Kreisfeuerwehr, d.h. allen Feuerwehren im Landkreis eine Kreisfeuerwehrbereitschaft aufzustellen, um u.a. auch \u00fcber die Kreisgrenze hinaus bei Bedarf helfen zu k\u00f6nnen ohne jedoch den Brandschutz im eigenen Landkreis zu vernachl\u00e4ssigen. Aufstellung und Struktur der Kreisfeuerwehrbereitschaften haben sich bei Eins\u00e4tzen in Niedersachsen und bei \u00fcber\u00f6rtlichen Eins\u00e4tzen in anderen Bundesl\u00e4ndern bew\u00e4hrt wie z.B. bei der Bew\u00e4ltigung des Hochwassers an der Elbe im Sommer 2002.<\/p>\n<p><img fetchpriority=\"high\" decoding=\"async\" class=\"wp-image-10356\" src=\"http:\/\/www.kreisfeuerwehrverband-vechta.de\/wp_KFV_2016\/wp-content\/uploads\/2025-09-06_KFB-Uebung_10.jpg\" alt=\"\" width=\"1280\" height=\"720\" srcset=\"https:\/\/www.kreisfeuerwehrverband-vechta.de\/wp_KFV_2016\/wp-content\/uploads\/2025-09-06_KFB-Uebung_10.jpg 1920w, https:\/\/www.kreisfeuerwehrverband-vechta.de\/wp_KFV_2016\/wp-content\/uploads\/2025-09-06_KFB-Uebung_10-720x405.jpg 720w, https:\/\/www.kreisfeuerwehrverband-vechta.de\/wp_KFV_2016\/wp-content\/uploads\/2025-09-06_KFB-Uebung_10-1536x864.jpg 1536w\" sizes=\"(max-width: 1280px) 100vw, 1280px\" \/><\/p>\n","protected":false},"excerpt":{"rendered":"<p>Die Landkreise haben nach dem Nieders\u00e4chsischen Brandschutzgesetz aus der Kreisfeuerwehr, d.h. allen Feuerwehren im Landkreis eine Kreisfeuerwehrbereitschaft aufzustellen, um u.a. auch \u00fcber die Kreisgrenze hinaus bei Bedarf helfen zu k\u00f6nnen ohne jedoch den Brandschutz im eigenen Landkreis zu vernachl\u00e4ssigen. Aufstellung<\/p>\n","protected":false},"author":1,"featured_media":0,"parent":0,"menu_order":0,"comment_status":"closed","ping_status":"closed","template":"","meta":{"ngg_post_thumbnail":0,"footnotes":""},"class_list":["post-156","page","type-page","status-publish","hentry"],"_links":{"self":[{"href":"https:\/\/www.kreisfeuerwehrverband-vechta.de\/index.php?rest_route=\/wp\/v2\/pages\/156","targetHints":{"allow":["GET"]}}],"collection":[{"href":"https:\/\/www.kreisfeuerwehrverband-vechta.de\/index.php?rest_route=\/wp\/v2\/pages"}],"about":[{"href":"https:\/\/www.kreisfeuerwehrverband-vechta.de\/index.php?rest_route=\/wp\/v2\/types\/page"}],"author":[{"embeddable":true,"href":"https:\/\/www.kreisfeuerwehrverband-vechta.de\/index.php?rest_route=\/wp\/v2\/users\/1"}],"replies":[{"embeddable":true,"href":"https:\/\/www.kreisfeuerwehrverband-vechta.de\/index.php?rest_route=%2Fwp%2Fv2%2Fcomments&post=156"}],"version-history":[{"count":0,"href":"https:\/\/www.kreisfeuerwehrverband-vechta.de\/index.php?rest_route=\/wp\/v2\/pages\/156\/revisions"}],"wp:attachment":[{"href":"https:\/\/www.kreisfeuerwehrverband-vechta.de\/index.php?rest_route=%2Fwp%2Fv2%2Fmedia&parent=156"}],"curies":[{"name":"wp","href":"https:\/\/api.w.org\/{rel}","templated":true}]}}