{"id":1466,"date":"2016-04-01T20:10:02","date_gmt":"2016-04-01T18:10:02","guid":{"rendered":"http:\/\/www.kreisfeuerwehrverband-vechta.de\/?page_id=1466"},"modified":"2022-03-28T20:38:22","modified_gmt":"2022-03-28T18:38:22","slug":"einsaetze-kreisfeuerwehrbereitschaft","status":"publish","type":"page","link":"https:\/\/www.kreisfeuerwehrverband-vechta.de\/?page_id=1466","title":{"rendered":"Eins\u00e4tze Kreisfeuerwehrbereitschaft"},"content":{"rendered":"<p><strong>24.08.-26.08.2002:<\/strong>&nbsp;&nbsp; Elbe-Hochwasser in L\u00fcchow-Dannenberg<br \/>\n<strong>11.04.-13.04.2006:<\/strong>&nbsp;&nbsp; Elbe-Hochwasser in L\u00fcneburg <br \/>\n<strong>27.08.2010:<\/strong>&nbsp;&nbsp; Hochwasser in Osnabr\u00fcck <br \/>\n<strong>12.06.-15.06.2013:<\/strong>&nbsp;&nbsp; Elbe-Hochwasser in L\u00fcchow-Dannenberg<br \/>\n<strong>16.10.2015:<\/strong>&nbsp;&nbsp; Einrichtung Erstaufnahmeeinrichtung Damme<br \/>\n<strong>25.09.-28.09.2018:&nbsp;<\/strong>&nbsp; Moorbrand auf dem Gel\u00e4nde der WTB 91 (Bundeswehr) in Meppen<br \/>\n<strong>M\u00e4rz 2022:<\/strong>&nbsp;&nbsp; Einrichtung Erstaufnahmeeinrichtung Vechta \/ Damme<\/p>\n<p>&nbsp;<\/p>\n<figure id=\"attachment_8529\" aria-describedby=\"caption-attachment-8529\" style=\"width: 1000px\" class=\"wp-caption aligncenter\"><img fetchpriority=\"high\" decoding=\"async\" class=\"size-full wp-image-8529\" src=\"http:\/\/www.kreisfeuerwehrverband-vechta.de\/wp_KFV_2016\/wp-content\/uploads\/Impressionen_Einsaetze_KFB.png\" alt=\"\" width=\"1000\" height=\"554\" srcset=\"https:\/\/www.kreisfeuerwehrverband-vechta.de\/wp_KFV_2016\/wp-content\/uploads\/Impressionen_Einsaetze_KFB.png 1000w, https:\/\/www.kreisfeuerwehrverband-vechta.de\/wp_KFV_2016\/wp-content\/uploads\/Impressionen_Einsaetze_KFB-300x166.png 300w\" sizes=\"(max-width: 1000px) 100vw, 1000px\" \/><figcaption id=\"caption-attachment-8529\" class=\"wp-caption-text\">Impressionen von Eins\u00e4tzen der vergangenen Jahre<\/figcaption><\/figure>\n<p>&nbsp;<\/p>\n","protected":false},"excerpt":{"rendered":"<p>24.08.-26.08.2002:&nbsp;&nbsp; Elbe-Hochwasser in L\u00fcchow-Dannenberg 11.04.-13.04.2006:&nbsp;&nbsp; Elbe-Hochwasser in L\u00fcneburg 27.08.2010:&nbsp;&nbsp; Hochwasser in Osnabr\u00fcck 12.06.-15.06.2013:&nbsp;&nbsp; Elbe-Hochwasser in L\u00fcchow-Dannenberg 16.10.2015:&nbsp;&nbsp; Einrichtung Erstaufnahmeeinrichtung Damme 25.09.-28.09.2018:&nbsp;&nbsp; Moorbrand auf dem Gel\u00e4nde der WTB 91 (Bundeswehr) in Meppen M\u00e4rz 2022:&nbsp;&nbsp; Einrichtung Erstaufnahmeeinrichtung Vechta \/ Damme &nbsp; &nbsp;<\/p>\n","protected":false},"author":1,"featured_media":0,"parent":156,"menu_order":0,"comment_status":"closed","ping_status":"closed","template":"","meta":{"ngg_post_thumbnail":0,"footnotes":""},"class_list":["post-1466","page","type-page","status-publish","hentry"],"_links":{"self":[{"href":"https:\/\/www.kreisfeuerwehrverband-vechta.de\/index.php?rest_route=\/wp\/v2\/pages\/1466","targetHints":{"allow":["GET"]}}],"collection":[{"href":"https:\/\/www.kreisfeuerwehrverband-vechta.de\/index.php?rest_route=\/wp\/v2\/pages"}],"about":[{"href":"https:\/\/www.kreisfeuerwehrverband-vechta.de\/index.php?rest_route=\/wp\/v2\/types\/page"}],"author":[{"embeddable":true,"href":"https:\/\/www.kreisfeuerwehrverband-vechta.de\/index.php?rest_route=\/wp\/v2\/users\/1"}],"replies":[{"embeddable":true,"href":"https:\/\/www.kreisfeuerwehrverband-vechta.de\/index.php?rest_route=%2Fwp%2Fv2%2Fcomments&post=1466"}],"version-history":[{"count":0,"href":"https:\/\/www.kreisfeuerwehrverband-vechta.de\/index.php?rest_route=\/wp\/v2\/pages\/1466\/revisions"}],"up":[{"embeddable":true,"href":"https:\/\/www.kreisfeuerwehrverband-vechta.de\/index.php?rest_route=\/wp\/v2\/pages\/156"}],"wp:attachment":[{"href":"https:\/\/www.kreisfeuerwehrverband-vechta.de\/index.php?rest_route=%2Fwp%2Fv2%2Fmedia&parent=1466"}],"curies":[{"name":"wp","href":"https:\/\/api.w.org\/{rel}","templated":true}]}}