{"id":1091,"date":"2016-03-20T10:55:43","date_gmt":"2016-03-20T09:55:43","guid":{"rendered":"http:\/\/www.kreisfeuerwehrverband-vechta.de\/?page_id=1091"},"modified":"2024-04-03T13:41:55","modified_gmt":"2024-04-03T11:41:55","slug":"jugendfeuerwehr-holdorf","status":"publish","type":"page","link":"https:\/\/www.kreisfeuerwehrverband-vechta.de\/?page_id=1091","title":{"rendered":"Jugendfeuerwehr Holdorf"},"content":{"rendered":"<p><img fetchpriority=\"high\" decoding=\"async\" class=\"alignleft wp-image-9219 size-full\" src=\"http:\/\/www.kreisfeuerwehrverband-vechta.de\/wp_KFV_2016\/wp-content\/uploads\/PZL-2023_Gruppenfoto.jpg\" alt=\"\" width=\"2495\" height=\"1157\" srcset=\"https:\/\/www.kreisfeuerwehrverband-vechta.de\/wp_KFV_2016\/wp-content\/uploads\/PZL-2023_Gruppenfoto.jpg 2495w, https:\/\/www.kreisfeuerwehrverband-vechta.de\/wp_KFV_2016\/wp-content\/uploads\/PZL-2023_Gruppenfoto-300x139.jpg 300w, https:\/\/www.kreisfeuerwehrverband-vechta.de\/wp_KFV_2016\/wp-content\/uploads\/PZL-2023_Gruppenfoto-1024x475.jpg 1024w, https:\/\/www.kreisfeuerwehrverband-vechta.de\/wp_KFV_2016\/wp-content\/uploads\/PZL-2023_Gruppenfoto-1536x712.jpg 1536w, https:\/\/www.kreisfeuerwehrverband-vechta.de\/wp_KFV_2016\/wp-content\/uploads\/PZL-2023_Gruppenfoto-2048x950.jpg 2048w\" sizes=\"(max-width: 2495px) 100vw, 2495px\" \/><\/p>\n<p>Die Jugendfeuerwehr Holdorf wurde als letzte Jugendfeuerwehr im Landkreis Vechta im Jahr 2009 gegr\u00fcndet. Die hohe Mitgliederzahl zeugt von einer tollen Kameradschaft in der Truppe. \u00dcbernachten im Feuerwehrhaus, ein sch\u00f6ner Kinoabend, eine tolle Weihnachtsfeier sowie nat\u00fcrlich spannende Jugendfeuerwehrdienste zeichnet die JF Holdorf aus. Sie beteiligt sich auch beim regelm\u00e4\u00dfig stattfindenden Osterfeuer in Holdorf. Das Pfingstzeltlager aller Jugendfeuerwehren im Landkreis Vechta z\u00e4hlt nat\u00fcrlich auch zu unseren Highlights, welches wir im Jahr 2019 gegen\u00fcber der Sport- und Schwimmhalle ausrichten durften.<\/p>\n<p>Die Jugendfeuerwehr Holdorf besteht zur Zeit aus 28 Jugendlichen (Stand: 01.04.2024). Sie werden von insgesamt 9 Betreuern ausgebildet. Der Ausbildungsdienst findet immer alle 14 Tage am Samstag von 14:00 &#8211; 16:00 Uhr statt.<\/p>\n<p><img decoding=\"async\" class=\"alignleft wp-image-9221\" src=\"http:\/\/www.kreisfeuerwehrverband-vechta.de\/wp_KFV_2016\/wp-content\/uploads\/Nobbe_Antonia-scaled-e1712144434444.jpg\" alt=\"\" width=\"222\" height=\"244\" srcset=\"https:\/\/www.kreisfeuerwehrverband-vechta.de\/wp_KFV_2016\/wp-content\/uploads\/Nobbe_Antonia-scaled-e1712144434444.jpg 1826w, https:\/\/www.kreisfeuerwehrverband-vechta.de\/wp_KFV_2016\/wp-content\/uploads\/Nobbe_Antonia-scaled-e1712144434444-273x300.jpg 273w, https:\/\/www.kreisfeuerwehrverband-vechta.de\/wp_KFV_2016\/wp-content\/uploads\/Nobbe_Antonia-scaled-e1712144434444-931x1024.jpg 931w, https:\/\/www.kreisfeuerwehrverband-vechta.de\/wp_KFV_2016\/wp-content\/uploads\/Nobbe_Antonia-scaled-e1712144434444-1396x1536.jpg 1396w\" sizes=\"(max-width: 222px) 100vw, 222px\" \/><\/p>\n<p>&nbsp;<\/p>\n<p>JF-Wartin<br \/>\nAntonia Nobbe<br \/>\nBirkenallee 2<br \/>\n49451 Holdorf<\/p>\n<p><a href=\"mailto:jugendfeuerwehr@feuerwehr-holdorf.de\">[Mail senden]<\/a><\/p>\n<p><a href=\"https:\/\/feuerwehr-holdorf.de\/?cat=51\" target=\"_blank\" rel=\"noopener noreferrer\">www.feuerwehr-holdorf.de<\/a><\/p>\n","protected":false},"excerpt":{"rendered":"<p>Die Jugendfeuerwehr Holdorf wurde als letzte Jugendfeuerwehr im Landkreis Vechta im Jahr 2009 gegr\u00fcndet. Die hohe Mitgliederzahl zeugt von einer tollen Kameradschaft in der Truppe. \u00dcbernachten im Feuerwehrhaus, ein sch\u00f6ner Kinoabend, eine tolle Weihnachtsfeier sowie nat\u00fcrlich spannende Jugendfeuerwehrdienste zeichnet die<\/p>\n","protected":false},"author":1,"featured_media":0,"parent":1015,"menu_order":0,"comment_status":"closed","ping_status":"closed","template":"","meta":{"ngg_post_thumbnail":0,"footnotes":""},"class_list":["post-1091","page","type-page","status-publish","hentry"],"_links":{"self":[{"href":"https:\/\/www.kreisfeuerwehrverband-vechta.de\/index.php?rest_route=\/wp\/v2\/pages\/1091","targetHints":{"allow":["GET"]}}],"collection":[{"href":"https:\/\/www.kreisfeuerwehrverband-vechta.de\/index.php?rest_route=\/wp\/v2\/pages"}],"about":[{"href":"https:\/\/www.kreisfeuerwehrverband-vechta.de\/index.php?rest_route=\/wp\/v2\/types\/page"}],"author":[{"embeddable":true,"href":"https:\/\/www.kreisfeuerwehrverband-vechta.de\/index.php?rest_route=\/wp\/v2\/users\/1"}],"replies":[{"embeddable":true,"href":"https:\/\/www.kreisfeuerwehrverband-vechta.de\/index.php?rest_route=%2Fwp%2Fv2%2Fcomments&post=1091"}],"version-history":[{"count":0,"href":"https:\/\/www.kreisfeuerwehrverband-vechta.de\/index.php?rest_route=\/wp\/v2\/pages\/1091\/revisions"}],"up":[{"embeddable":true,"href":"https:\/\/www.kreisfeuerwehrverband-vechta.de\/index.php?rest_route=\/wp\/v2\/pages\/1015"}],"wp:attachment":[{"href":"https:\/\/www.kreisfeuerwehrverband-vechta.de\/index.php?rest_route=%2Fwp%2Fv2%2Fmedia&parent=1091"}],"curies":[{"name":"wp","href":"https:\/\/api.w.org\/{rel}","templated":true}]}}